{"id":15,"date":"2015-11-15T20:15:58","date_gmt":"2015-11-15T19:15:58","guid":{"rendered":"http:\/\/www.royalthaimassasje.no\/?page_id=15"},"modified":"2019-11-03T21:00:02","modified_gmt":"2019-11-03T20:00:02","slug":"behandlingsmetodikk","status":"publish","type":"page","link":"https:\/\/www.royalthaimassasje.no\/?page_id=15","title":{"rendered":"Behandlingsmetodikk"},"content":{"rendered":"\n<p>All massasje som gis med utgangspunkt i teknikkene fra Thai Traditional Medicine er den samme, men med ulik bruk av oljer og urter eller begge deler. Behandlingen tilpasses alltid kundens behov.<\/p>\n\n\n\n<p>Royal Thai Massasje tilbyr behandlingsformene Thai Traditional Medi-<br> cine Massasje, Thai Traditional Medicine Oljemassasje og Thai Traditional Medicine Urtemassasje hvor Urtemassasje kan kombineres med enten Thaimassasje eller Oljemassasje. <br> <\/p>\n\n\n\n<p>Ved alle behandlingsformene brukes samme grunnleggende massa-<br> sjeteknikk. Forskjellen er om det brukes den spesielle oljen i tillegg eventuelt sammen med urtebehandling. <br> En times massasje hos meg er en hel time massasje p\u00e5 benken, hvor jeg arbeider kontinuerlig. Der den ene h\u00e5nden slipper trykket overtar den andre samtidig, hele tiden.<br> De alle fleste sliter med lidelser i nakke og rygg, arm\/skulder, og min massasje legger opp til \u00e5 rette opp dette samt \u00f8ke din bevegelighet.<br> <\/p>\n\n\n\n<p>Det vanlige er at man opplever stor bedring etter f\u00f8rste behandling. <br> Jeg g\u00e5r forsiktig fram f\u00f8rst, og dypere og dypere etterhvert. Jeg f\u00f8ler og finner hvor problemet sitter.<\/p>\n\n\n\n<p>Det er helt normalt at du kan f\u00e5r vondt dagen etter og at bedringen f\u00f8rst kommer etter noen dager. Mine faste kunder har alle v\u00e6rt gjennom denne fasen i mindre eller st\u00f8rre grad.<br><\/p>\n\n\n\n<p> De fleste foretrekker Oljemassasje, ofte 1,5 timer. Mange trenger kanskje 2 timer oljemassasje i starten, og g\u00e5r s\u00e5 ned til 1,5 time. Andre igjen klarer seg fint med 1,0 time. Flere av de faste kundene som kommer til meg for \u00abvedlikehold\u00bb, velger ofte kombinasjonen Olje og Urtemassasje.<br><\/p>\n\n\n\n<p> Jeg har god erfaring med skulder, arm h\u00e5ndleddproblemer. Mange som har gitt opp \u00e5 f\u00e5 bedring i dette, blir bedre med de behandlings-<br> teknikker jeg praktiserer.  Andre igjen har ikke spesielle plager, bortsett fra en krevende hverdag og har behov for massasje som gir avslapning. Hos meg prates det ikke, man \u00abf\u00f8lger meg\u00bb n\u00e5r jeg masserer. Da slapper man raskt av, og mange sovner under behagelig atmosf\u00e6re med rolig musikk.<\/p>\n","protected":false},"excerpt":{"rendered":"<p>All massasje som gis med utgangspunkt i teknikkene fra Thai Traditional Medicine er den samme, men med ulik bruk av oljer og urter eller begge deler. Behandlingen tilpasses alltid kundens behov. Royal Thai Massasje tilbyr behandlingsformene Thai Traditional Medi- cine Massasje, Thai Traditional Medicine Oljemassasje og Thai Traditional Medicine Urtemassasje hvor Urtemassasje kan kombineres med &hellip; <\/p>\n<p class=\"link-more\"><a href=\"https:\/\/www.royalthaimassasje.no\/?page_id=15\" class=\"more-link\">Fortsett \u00e5 lese<span class=\"screen-reader-text\"> \u00abBehandlingsmetodikk\u00bb<\/span><\/a><\/p>\n","protected":false},"author":1,"featured_media":334,"parent":0,"menu_order":2,"comment_status":"closed","ping_status":"closed","template":"","meta":{"footnotes":""},"class_list":["post-15","page","type-page","status-publish","has-post-thumbnail","hentry"],"_links":{"self":[{"href":"https:\/\/www.royalthaimassasje.no\/index.php?rest_route=\/wp\/v2\/pages\/15","targetHints":{"allow":["GET"]}}],"collection":[{"href":"https:\/\/www.royalthaimassasje.no\/index.php?rest_route=\/wp\/v2\/pages"}],"about":[{"href":"https:\/\/www.royalthaimassasje.no\/index.php?rest_route=\/wp\/v2\/types\/page"}],"author":[{"embeddable":true,"href":"https:\/\/www.royalthaimassasje.no\/index.php?rest_route=\/wp\/v2\/users\/1"}],"replies":[{"embeddable":true,"href":"https:\/\/www.royalthaimassasje.no\/index.php?rest_route=%2Fwp%2Fv2%2Fcomments&post=15"}],"version-history":[{"count":7,"href":"https:\/\/www.royalthaimassasje.no\/index.php?rest_route=\/wp\/v2\/pages\/15\/revisions"}],"predecessor-version":[{"id":344,"href":"https:\/\/www.royalthaimassasje.no\/index.php?rest_route=\/wp\/v2\/pages\/15\/revisions\/344"}],"wp:featuredmedia":[{"embeddable":true,"href":"https:\/\/www.royalthaimassasje.no\/index.php?rest_route=\/wp\/v2\/media\/334"}],"wp:attachment":[{"href":"https:\/\/www.royalthaimassasje.no\/index.php?rest_route=%2Fwp%2Fv2%2Fmedia&parent=15"}],"curies":[{"name":"wp","href":"https:\/\/api.w.org\/{rel}","templated":true}]}}