{"id":351,"date":"2019-11-03T21:15:37","date_gmt":"2019-11-03T20:15:37","guid":{"rendered":"http:\/\/www.royalthaimassasje.no\/?page_id=351"},"modified":"2019-11-03T21:16:58","modified_gmt":"2019-11-03T20:16:58","slug":"derfor-bor-du-ta-massasje","status":"publish","type":"page","link":"https:\/\/www.royalthaimassasje.no\/?page_id=351","title":{"rendered":"Derfor b\u00f8r du ta massasje"},"content":{"rendered":"\n<h2 class=\"wp-block-heading\">SEKS GODE GRUNNER: <\/h2>\n\n\n\n<p>1 \u2022 Musklene:<br>\nMassasje \u00f8ker sirkulasjonen og f\u00e5r musklene til \u00e5 fungere bedre. Massasje kan ogs\u00e5 gi bedre kroppsholdning ved \u00e5 hjelpe spent muskulatur tilbake til en mer balansert posisjon. <br>\nMassasjen gj\u00f8r at korte, spente muskler f\u00e5r tilbake sin <br>\nelastisitet og bevegelighet. Dette er \u00e5rsaken til at idrettsut\u00f8vere ofte bruker massasje etter trening fordi kroppen f\u00f8les mykere, og dermed gir \u00f8kt energi.<\/p>\n\n\n\n<p>2 \u2022 Mentalt:<br>\nForskningsresultater viser at n\u00e5r man fjerner muskelspenninger, f\u00f8rer dette til \u00f8kt blodsirkulasjon til hjernen, og dermed \u00f8ker konsentra-<br>\nsjonsevnen og hukommelsen. <br>\nForskning viser at massasjelignende ber\u00f8ring frigj\u00f8r et hormon som kalles oxytocin &#8211; Det s\u00e5kalte kj\u00e6rlighets- og avslapningshormonet. Oxytocin har en rekke positive effekter p\u00e5 kroppen: Det roer sinnet, reduserer stress, senker blodtrykket og hever smerteterskelen.<\/p>\n\n\n\n<p>3 \u2022 Pusten:<br>\nStram muskulatur i mellomgulvet kan medf\u00f8re at du ikke puster optimalt fordi stramt bindevev hindrer deg i \u00e5 trekke pusten dypt nok.<br>\nMassasje av mellomgulvet kan derfor bidra til at du puster bedre. <\/p>\n\n\n\n<p>4 \u2022 Sirkulasjon- og lymfesystemet:<br>\nMassasje bedrer sirkulasjonen i hele kroppen. Det inneb\u00e6rer at <br>\noksygen og n\u00e6ringsstoffer effektivt n\u00e5r frem til alle muskler. <br>\nLymfesystemet  pumper ikke selv, men er avhengig av hjertets pumpe-<br>\naktivitet for \u00e5 holde denne sirkulasjonen i gang, som massasje er med p\u00e5 \u00e5 stimulere.<\/p>\n\n\n\n<p>Den \u00f8kte sirkulasjonen vil ogs\u00e5 bidra til at vitale n\u00e6ringsstoffer <br>\nfraktes til nyrer og lever. N\u00e5r disse organene fungerer godt vil ogs\u00e5 avfallsstoffer renses og fraktes effektivt ut av kroppen.<\/p>\n\n\n\n<p>5 \u2022 Immunforsvaret:<br>\nStresshormoner som sirkulerer i kroppen over lang tid er med p\u00e5 \u00e5 bryte ned immunforsvaret.<br>\nForskning viser at niv\u00e5et av stresshormonet kortisol synker under massasje. \u00c5 motta regelmessig behandlinger med massasje er derfor med p\u00e5 \u00e5 styrke immunforsvaret. Den beskyttende effekten som massasje gir kroppen kan vare i opptil en uke etter en enkel behandling.<\/p>\n\n\n\n<p>6 \u2022 Gir n\u00e6ring til sjelen:<br>\nVed \u00e5 gi kroppen og sjelen oppmerksomhet og fokus gjennom massa-<br>\nsje vil du oppn\u00e5 en dyp f\u00f8lelse av fred, ro og balanse. Etter en behand-<br>\nling med massasje vil du f\u00f8le deg mer i ett med deg selv.<\/p>\n","protected":false},"excerpt":{"rendered":"<p>SEKS GODE GRUNNER: 1 \u2022 Musklene: Massasje \u00f8ker sirkulasjonen og f\u00e5r musklene til \u00e5 fungere bedre. Massasje kan ogs\u00e5 gi bedre kroppsholdning ved \u00e5 hjelpe spent muskulatur tilbake til en mer balansert posisjon. Massasjen gj\u00f8r at korte, spente muskler f\u00e5r tilbake sin elastisitet og bevegelighet. Dette er \u00e5rsaken til at idrettsut\u00f8vere ofte bruker massasje etter &hellip; <\/p>\n<p class=\"link-more\"><a href=\"https:\/\/www.royalthaimassasje.no\/?page_id=351\" class=\"more-link\">Fortsett \u00e5 lese<span class=\"screen-reader-text\"> \u00abDerfor b\u00f8r du ta massasje\u00bb<\/span><\/a><\/p>\n","protected":false},"author":1,"featured_media":0,"parent":0,"menu_order":0,"comment_status":"closed","ping_status":"closed","template":"","meta":{"footnotes":""},"class_list":["post-351","page","type-page","status-publish","hentry"],"_links":{"self":[{"href":"https:\/\/www.royalthaimassasje.no\/index.php?rest_route=\/wp\/v2\/pages\/351","targetHints":{"allow":["GET"]}}],"collection":[{"href":"https:\/\/www.royalthaimassasje.no\/index.php?rest_route=\/wp\/v2\/pages"}],"about":[{"href":"https:\/\/www.royalthaimassasje.no\/index.php?rest_route=\/wp\/v2\/types\/page"}],"author":[{"embeddable":true,"href":"https:\/\/www.royalthaimassasje.no\/index.php?rest_route=\/wp\/v2\/users\/1"}],"replies":[{"embeddable":true,"href":"https:\/\/www.royalthaimassasje.no\/index.php?rest_route=%2Fwp%2Fv2%2Fcomments&post=351"}],"version-history":[{"count":2,"href":"https:\/\/www.royalthaimassasje.no\/index.php?rest_route=\/wp\/v2\/pages\/351\/revisions"}],"predecessor-version":[{"id":354,"href":"https:\/\/www.royalthaimassasje.no\/index.php?rest_route=\/wp\/v2\/pages\/351\/revisions\/354"}],"wp:attachment":[{"href":"https:\/\/www.royalthaimassasje.no\/index.php?rest_route=%2Fwp%2Fv2%2Fmedia&parent=351"}],"curies":[{"name":"wp","href":"https:\/\/api.w.org\/{rel}","templated":true}]}}